{"id":7695,"date":"2023-12-22T21:42:28","date_gmt":"2023-12-22T18:42:28","guid":{"rendered":"https:\/\/masterdesigner.com.tr\/yeni\/?post_type=product&#038;p=7695"},"modified":"2024-06-23T01:17:25","modified_gmt":"2024-06-22T22:17:25","slug":"piyon-yatak","status":"publish","type":"product","link":"https:\/\/masterdesigner.com.tr\/index.php\/product\/piyon-yatak\/","title":{"rendered":"P\u0130YON YATAK"},"content":{"rendered":"<p>Do\u011fal ah\u015fap yatak<\/p>\n<p>\u0130\u00e7 yatak \u00f6l\u00e7\u00fcs\u00fc 100&#215;200<\/p>\n<p>Kullan\u0131lan ah\u015fap t\u00fcr\u00fc ak\u00e7a a\u011fa\u00e7 ve amerikan ceviz<\/p>\n<p>N71\/3 \u00c7ocuk sagl\u0131g\u0131na uyumlu<\/p>\n<p>&nbsp;<\/p>\n<p>Sipari\u015finiz sonras\u0131 25 i\u015f g\u00fcn\u00fc i\u00e7erisinde kargoya verilecektir.<\/p>\n","protected":false},"excerpt":{"rendered":"<p>Do\u011fal ah\u015fap yatak \u0130\u00e7 yatak \u00f6l\u00e7\u00fcs\u00fc 100&#215;200 Kullan\u0131lan ah\u015fap t\u00fcr\u00fc ak\u00e7a a\u011fa\u00e7 ve amerikan ceviz N71\/3 \u00c7ocuk sagl\u0131g\u0131na uyumlu &nbsp; Sipari\u015finiz sonras\u0131 25 i\u015f g\u00fcn\u00fc i\u00e7erisinde kargoya verilecektir.<\/p>\n","protected":false},"featured_media":7467,"template":"","meta":{"_monsterinsights_skip_tracking":false,"_monsterinsights_sitenote_active":false,"_monsterinsights_sitenote_note":"","_monsterinsights_sitenote_category":0},"product_cat":[100],"product_tag":[],"class_list":{"0":"post-7695","1":"product","2":"type-product","3":"status-publish","4":"has-post-thumbnail","6":"product_cat-karyola","8":"first","9":"instock","10":"shipping-taxable","11":"purchasable","12":"product-type-variable"},"aioseo_notices":[],"_links":{"self":[{"href":"https:\/\/masterdesigner.com.tr\/index.php\/wp-json\/wp\/v2\/product\/7695","targetHints":{"allow":["GET"]}}],"collection":[{"href":"https:\/\/masterdesigner.com.tr\/index.php\/wp-json\/wp\/v2\/product"}],"about":[{"href":"https:\/\/masterdesigner.com.tr\/index.php\/wp-json\/wp\/v2\/types\/product"}],"wp:featuredmedia":[{"embeddable":true,"href":"https:\/\/masterdesigner.com.tr\/index.php\/wp-json\/wp\/v2\/media\/7467"}],"wp:attachment":[{"href":"https:\/\/masterdesigner.com.tr\/index.php\/wp-json\/wp\/v2\/media?parent=7695"}],"wp:term":[{"taxonomy":"product_cat","embeddable":true,"href":"https:\/\/masterdesigner.com.tr\/index.php\/wp-json\/wp\/v2\/product_cat?post=7695"},{"taxonomy":"product_tag","embeddable":true,"href":"https:\/\/masterdesigner.com.tr\/index.php\/wp-json\/wp\/v2\/product_tag?post=7695"}],"curies":[{"name":"wp","href":"https:\/\/api.w.org\/{rel}","templated":true}]}}