{"id":14,"date":"2023-12-22T17:58:00","date_gmt":"2023-12-22T14:58:00","guid":{"rendered":"https:\/\/masterdesigner.com.tr\/yeni\/?page_id=14"},"modified":"2023-12-22T17:58:05","modified_gmt":"2023-12-22T14:58:05","slug":"refund_returns","status":"publish","type":"page","link":"https:\/\/masterdesigner.com.tr\/index.php\/refund_returns\/","title":{"rendered":"Teslimat \/ \u0130ptal \/ \u0130ade \/ De\u011fi\u015fim \u0130\u015flemleri"},"content":{"rendered":"\n<p>Kargo ve Ta\u015f\u0131ma Bilgileri<br>www.masterdesigner.com.tr\u2019dan verilen sipari\u015fler m\u00fc\u015fterilerine Yurti\u00e7i Kargo arac\u0131l\u0131\u011f\u0131 ve\/veya nakliye&amp;montaj hizmeti veren 3. \u015firketler arac\u0131l\u0131\u011f\u0131 ile yap\u0131l\u0131r.<\/p>\n\n\n\n<p>Kargo paketini nas\u0131l teslim al\u0131nmal\u0131?<\/p>\n\n\n\n<p>Kargo paketinizi teslim almadan kargo formuna imza at\u0131lmamal\u0131d\u0131r. Kargo tutana\u011f\u0131n\u0131 imzalamadan \u00f6nce \u00fcr\u00fcn\u00fcn\u00fcz\u00fcn kutusunun ta\u015f\u0131madan dolay\u0131 hasarl\u0131 olup olmad\u0131\u011f\u0131, deformasyon, ezilme, y\u0131rt\u0131lma, darbe, kesik, \u00e7izik veya i\u00e7indeki \u00fcr\u00fcn\u00fcn zarar g\u00f6rebilece\u011fini size d\u00fc\u015f\u00fcnd\u00fcren herhangi bir \u015f\u00fcphe var ise kargo formunu imzalamadan kargo g\u00f6revlisinin yan\u0131nda paketi a\u00e7\u0131p i\u00e7indeki sipari\u015flerinizin fiziksel durumunu kontrol edilmelidir. Herhangi bir nedenle hasar var ise teslimatla ilgili hi\u00e7 bir belgeyi imzalamadan kargo yetkilisine tutanak tutulmas\u0131 i\u00e7in kutunuzu iade edilmedilir. Tutanak tutulan \u00fcr\u00fcnlerin de\u011fi\u015fimi yap\u0131larak taraf\u0131n\u0131za yeniden kargolanacakt\u0131r. Kutusu hasarl\u0131 olan \u00fcr\u00fcnlerin teslim al\u0131nmas\u0131 durumunda i\u00e7indeki \u00fcr\u00fcnlerin hasar\u0131ndan veya eksikli\u011finden www.masterdesigner.com.tr sorumlu de\u011fildir.<\/p>\n\n\n\n<p>\u0130ade\/De\u011fi\u015fim Prosed\u00fcr\u00fc<br>\u0130ade \u015eartlar\u0131<\/p>\n\n\n\n<p>www.masterdesigner.com.tr ma\u011fazas\u0131ndan vermi\u015f oldu\u011funuz standart bir \u00fcr\u00fcn sipari\u015finizi, teslim ald\u0131ktan sonra iade isterseniz 14 g\u00fcn i\u00e7inde; sitemizde yer alan ileti\u015fim b\u00f6l\u00fcm\u00fcnden sipari\u015f numaran\u0131z ve iade edilecek \u00fcr\u00fcn\u00fcn tam ad\u0131n\u0131 belirterek; de\u011fi\u015fim yapmak isterseniz yeni almak istedi\u011finiz \u00fcr\u00fcn\u00fcn de tam ad\u0131n\u0131 yazarak bizimle ileti\u015fime ge\u00e7iniz. \u0130ade\/de\u011fi\u015fim yap\u0131lacak \u00fcr\u00fcn\u00fcn kargo bedeli al\u0131c\u0131ya aittir.<\/p>\n\n\n\n<p>\u0130ptal\/\u0130ade\/De\u011fi\u015fim Kapsam\u0131ndaki \u00dcr\u00fcnler<\/p>\n\n\n\n<p>Al\u0131c\u0131ya \u00f6zel olarak haz\u0131rlanm\u0131\u015f, \u00f6l\u00e7\u00fclendirilmi\u015f, tasar\u0131m\u0131 revize edilmi\u015f ve\/veya standart\u0131n d\u0131\u015f\u0131n\u0131 \u00e7\u0131km\u0131\u015f sipari\u015flere \u00f6zel olarak \u00fcretilecek \u00fcr\u00fcn\u00fcn iptal, iade ve de\u011fi\u015fimi kapsam d\u0131\u015f\u0131ndad\u0131r. Ancak g\u00f6nderilen \u00fcr\u00fcn ay\u0131pl\u0131, hatal\u0131 bir \u00fcr\u00fcnse iptal, iade ve de\u011fi\u015fim hakk\u0131 sakl\u0131d\u0131r.<\/p>\n\n\n\n<p>Al\u0131c\u0131n\u0131n standart \u00fcr\u00fcnlerden verilmi\u015f herhangi bir sipari\u015fi kargoya verilmeden iptal hakk\u0131 sakl\u0131d\u0131r.<\/p>\n\n\n\n<p>\u0130ade\/de\u011fi\u015fim etmek istedi\u011finiz \u00fcr\u00fcn\/\u00fcr\u00fcnleri t\u00fcm aksesuarlar\u0131 ve orijinal kutusu ile kargo masraf\u0131n\u0131 kar\u015f\u0131layarak g\u00f6nderilmelidir.<\/p>\n\n\n\n<p>\u0130ade\/de\u011fi\u015fim edece\u011finiz \u00fcr\u00fcn\u00fcn, paketi hasar g\u00f6rmemi\u015f, kullan\u0131lmam\u0131\u015f ve kullan\u0131m hatas\u0131 sonucu zarar g\u00f6rmemi\u015f, iade kargo s\u00fcrecinde hasar g\u00f6rmemi\u015f olmas\u0131 gerekmektedir.<\/p>\n\n\n\n<p>Kusurlu \u00dcr\u00fcnlerin \u0130ade\/De\u011fi\u015fimi<\/p>\n\n\n\n<p>www.masterdesigner.com.tr ma\u011fazas\u0131 taraf\u0131ndan teslim edilmi\u015f olan ay\u0131pl\u0131\/kusurlu olan \u00fcr\u00fcn\/\u00fcr\u00fcnlerde, iade\/de\u011fi\u015fim yapmak istenildi\u011finde 14 g\u00fcn i\u00e7inde; \u00fcr\u00fcn\u00fcn problemini, sipari\u015f numaran\u0131z ve iade edilecek \u00fcr\u00fcn\u00fcn tam ad\u0131n\u0131 belirterek; de\u011fi\u015fim yapmak istenildi\u011finde, istenilen \u00fcr\u00fcn\u00fcn de tam ad\u0131n\u0131 belirterek ileti\u015fime ge\u00e7ilmelidir. \u00dcr\u00fcnde kullan\u0131mdan kaynakl\u0131 bir problem yoksa iade\/de\u011fi\u015fim i\u015fleminiz ger\u00e7ekle\u015fir.<\/p>\n","protected":false},"excerpt":{"rendered":"<p>Kargo ve Ta\u015f\u0131ma Bilgileriwww.masterdesigner.com.tr\u2019dan verilen sipari\u015fler m\u00fc\u015fterilerine Yurti\u00e7i Kargo arac\u0131l\u0131\u011f\u0131 ve\/veya nakliye&amp;montaj hizmeti veren 3. \u015firketler arac\u0131l\u0131\u011f\u0131 ile yap\u0131l\u0131r. Kargo paketini nas\u0131l teslim al\u0131nmal\u0131? Kargo paketinizi teslim almadan kargo formuna imza at\u0131lmamal\u0131d\u0131r. Kargo tutana\u011f\u0131n\u0131 imzalamadan \u00f6nce \u00fcr\u00fcn\u00fcn\u00fcz\u00fcn kutusunun ta\u015f\u0131madan dolay\u0131 hasarl\u0131 olup olmad\u0131\u011f\u0131, deformasyon, ezilme, y\u0131rt\u0131lma, darbe, kesik, \u00e7izik veya i\u00e7indeki \u00fcr\u00fcn\u00fcn zarar g\u00f6rebilece\u011fini size &hellip; <br \/><a href=\"https:\/\/masterdesigner.com.tr\/index.php\/refund_returns\/\" class=\"more-link\">Continue reading <span class=\"screen-reader-text\">Teslimat \/ \u0130ptal \/ \u0130ade \/ De\u011fi\u015fim \u0130\u015flemleri<\/span><\/a><\/p>\n","protected":false},"author":1,"featured_media":0,"parent":0,"menu_order":0,"comment_status":"closed","ping_status":"closed","template":"","meta":{"_monsterinsights_skip_tracking":false,"_monsterinsights_sitenote_active":false,"_monsterinsights_sitenote_note":"","_monsterinsights_sitenote_category":0,"footnotes":""},"class_list":["post-14","page","type-page","status-publish","hentry"],"aioseo_notices":[],"_links":{"self":[{"href":"https:\/\/masterdesigner.com.tr\/index.php\/wp-json\/wp\/v2\/pages\/14","targetHints":{"allow":["GET"]}}],"collection":[{"href":"https:\/\/masterdesigner.com.tr\/index.php\/wp-json\/wp\/v2\/pages"}],"about":[{"href":"https:\/\/masterdesigner.com.tr\/index.php\/wp-json\/wp\/v2\/types\/page"}],"author":[{"embeddable":true,"href":"https:\/\/masterdesigner.com.tr\/index.php\/wp-json\/wp\/v2\/users\/1"}],"replies":[{"embeddable":true,"href":"https:\/\/masterdesigner.com.tr\/index.php\/wp-json\/wp\/v2\/comments?post=14"}],"version-history":[{"count":1,"href":"https:\/\/masterdesigner.com.tr\/index.php\/wp-json\/wp\/v2\/pages\/14\/revisions"}],"predecessor-version":[{"id":7291,"href":"https:\/\/masterdesigner.com.tr\/index.php\/wp-json\/wp\/v2\/pages\/14\/revisions\/7291"}],"wp:attachment":[{"href":"https:\/\/masterdesigner.com.tr\/index.php\/wp-json\/wp\/v2\/media?parent=14"}],"curies":[{"name":"wp","href":"https:\/\/api.w.org\/{rel}","templated":true}]}}